are the prime factors of r(-51)?
2, 3, 5, 787
Suppose -66*x + 190530 = 21*x. What are the prime factors of x?
2, 3, 5, 73
Let x be (-369)/12 + 2/(-8). Let q(t) = -2*t**2 - 85*t + 15. Let z be q(-42). Let h = z - x. List the prime factors of h.
2, 11
Let b be (-4)/(-18)*-3*-258. Suppose 71*z + b = 73*z. List the prime factors of z.
2, 43
Let a(w) = -w**3 + 17*w**2 - 40*w - 5. Let p be a(14). Suppose -p*q = -7*q - 6656. What are the prime factors of q?
2, 13
Let c be ((-25)/20)/((-1)/(-44)). Let m = c - -75. Suppose 3*n + 2*x = -n + m, 0 = -4*x. What are the prime factors of n?
5
Suppose -3594 - 8235 = -4*f - i, -2*f = 3*i - 5927. Suppose -5*z + 3710 = 5*s, 5*z + s - f = z. List the prime factors of z.
2, 3, 41
Suppose -4*o + 852 = 4*s, -13*s + 14*s = -2*o + 428. Suppose 149 - o = -l. What are the prime factors of l?
2, 3, 11
Let o be (-10)/3*18/(-15). Suppose -2*s + 15 = h + 3*s, -2*h + 3*s + o = 0. What are the prime factors of (430/(-4) + h)*-2?
5, 41
Let x be 2*5/(10/28). Let l(t) = x - 20*t**2 + 3*t + 32 - 16*t**2 + 35*t**2. What are the prime factors of l(0)?
2, 3, 5
List the prime factors of ((-25809)/28 - 17)*-20.
5, 751
Let m(j) = 1001*j**2 + 17*j + 16. List the prime factors of m(-1).
2, 5
Let u = 681 - -867. List the prime factors of u.
2, 3, 43
Suppose 2*n - 598 = 3*b, -299 = -n + 5*b - 6*b. Let w = 406 - n. What are the prime factors of w?
107
Let j(d) = 2*d**2 + 23*d - 8. Let p(o) = o - 2. Let x be p(-10). Let l be j(x). Suppose s = 2*h - 59, -s - l = 3*s. List the prime factors of h.
29
Let l be (84/(-30))/(-1)*-5. Let h(t) = -135*t - 32. List the prime factors of h(l).
2, 929
Suppose 108338 = 226*z - 237*z + 368279. What are the prime factors of z?
3, 7877
Let t(j) = 2*j**3 - 71*j**2 - 14*j + 150. List the prime factors of t(40).
2, 5, 1399
Let x = 401 + -974. Let n = x + 1480. List the prime factors of n.
907
Suppose -111800 = -5*x + 5*f, -3*f + 22360 = -46*x + 47*x. List the prime factors of x.
2, 5, 13, 43
Suppose 12*p = -0*p + 7728. Suppose 2*z - 608 = -2*v, -2*z - 5*v + p = 33. List the prime factors of z.
3, 101
Let i(w) = -w**3 - 10*w**2 + 12*w + 5. Let y be i(-11). Let o be (-1 - -4)/(y/(-4)). Suppose o*z = 6*z - 976. List the prime factors of z.
2, 61
Let t = 18011 - 9304. What are the prime factors of t?
8707
Let r(s) = -s**2 - 7*s + 183. Let l be r(12). Let w = 363 + l. What are the prime factors of w?
2, 3, 53
Suppose -2*u = 2*c + 3*u - 90, 5*c - 240 = -5*u. Let p be ((-6)/(-5))/(5/c*4). Let a(j) = 6*j - 7. What are the prime factors of a(p)?
11
Let z be 444/(-22) + 4/22. Let s = z + 22. Suppose 27 - 141 = -3*m + o, -s*o = 3*m - 105. List the prime factors of m.
37
Let g be (1120 - -1) + -3 + -3. Suppose 4*r - 1780 = -0*r. Suppose -r = -10*m + g. List the prime factors of m.
2, 3, 13
List the prime factors of -5*(-6)/(-180)*-44*543.
2, 11, 181
Let u = -33 - -42. Let l be (-3)/u + 106/3 + 1. List the prime factors of l*(3 - (-45)/(-20)).
3
Let v(s) = -20*s - 42. Let h be v(-3). Let y = 261 - h. List the prime factors of y.
3
Suppose -85304 = -114*y + 1530561 - 98639. List the prime factors of y.
13309
Let j = -12219 - -18433. Suppose -6*y + 2816 = -j. List the prime factors of y.
5, 7, 43
List the prime factors of (4 - (-156)/(-36))*-40458.
2, 11, 613
Let h = 36945 - 21366. What are the prime factors of h?
3, 577
Suppose -1373*o + 122189 = -1371*o + 5*y, 0 = 5*o - 5*y - 305525. What are the prime factors of o?
2, 137, 223
Suppose -n + 27 + 63 = 0. Suppose -l - n - 43 = 0. Let x = -66 - l. What are the prime factors of x?
67
Let a = -644 - -644. Suppose 27*y - 59445 + 23670 = a. What are the prime factors of y?
5, 53
Let a be (-11)/(12/4 + (-55)/18). Suppose v + 2*l - a = 6*v, -2*l = -v - 46. Let j = -11 - v. What are the prime factors of j?
3
Let m(s) = 2*s + 27. Let v be m(-11). Suppose 16 = -4*w, -v*w - 1193 = -2*t - 159. List the prime factors of t.
3, 13
Let d = 245 - 254. Let y = d - -166. What are the prime factors of y?
157
Let h be ((-14)/4)/(7/(-14)). Let x(s) = 6 + 4*s**2 - 23*s**2 + 9 + h*s + 9 + s**3. What are the prime factors of x(19)?
157
Suppose 130*x - 9*x = -2*x + 1087074. List the prime factors of x.
2, 3, 491
Let r(b) = b**2 - 7*b + 10. Let j be r(13). Let a be (-278)/5 + 4 + j/(-20). Let f = a - -199. What are the prime factors of f?
11, 13
List the prime factors of (-345704)/12*((-126)/12)/7.
79, 547
Let d(m) = -4*m**3 - 17*m**2 - 13*m - 3. Suppose 0 = -26*p + 28*p + 12. List the prime factors of d(p).
3, 109
Let a be 9/27 - (-80)/3. Suppose 0 = 2*m - 35 - a. Suppose 2*v = -21 + m. What are the prime factors of v?
5
Let h = 46 - 43. Suppose 2*f - 81 = t + 133, -2*f = h*t - 230. List the prime factors of f/((2/(-1))/(-2)).
109
Suppose 54176 + 36880 = 12*j. List the prime factors of j.
2, 7, 271
Suppose -6*q + 1047 + 681 = 0. Let r(t) = t**3 - 2*t**2 + 1. Let w be r(1). Suppose w = -2*b - 4*c + 200, -3*b = 4*c - q - 20. What are the prime factors of b?
2, 3
Let n(h) = -40 + 49*h + 151 - 11*h. List the prime factors of n(6).
3, 113
Suppose 866 = -j + 3*d, 1123 = 4*j - 3*d + 4587. Let a = j - -1602. List the prime factors of a.
2, 23
Let s(x) = -2439*x**3 - 3*x**2 - 18*x - 2. List the prime factors of s(-2).
2, 9767
Suppose -3470 = -5*f - 515. What are the prime factors of -3 + (-3 - 0) + f?
3, 5, 13
Suppose 18*x + 99 = 9. Let i(u) = -3*u**3 - u**2 - 8*u - 4. List the prime factors of i(x).
2, 193
Let m be (-2)/(5/(-20)*2). Suppose 9 = -3*w, m*j - 815 - 2282 = -5*w. What are the prime factors of j?
2, 389
Let s(n) = -316*n + 177. Let y be s(-34). Suppose 0 = -12*k + y - 157. What are the prime factors of k?
3, 13, 23
Suppose -4*u + 29 = 5*w, 0*w = 2*u + 2*w - 14. Suppose 55 = u*j + 5*j. Suppose 3*h - j*c = 98, 2*h + 4*c = 3*h - 42. What are the prime factors of h?
2, 13
Suppose 18*j - 17*j - 13 = 0. Suppose 0 = -25*z + j*z + 5472. What are the prime factors of z?
2, 3, 19
List the prime factors of (-4 + 8 - 7) + (-10 - -36379).
2, 3, 11, 19, 29
Let a(s) = 4*s**3 - 2*s**2 + 4. Let w = -43 + 38. Let u be 14/35 + (-8)/w. List the prime factors of a(u).
2, 7
Suppose -4*h + 400342 - 119261 = 5*s, -4*s - 351423 = -5*h. What are the prime factors of h?
11, 6389
Let g(r) = r**2 - 21*r + 48. Let l be 15/10*(-14)/(-3). Let i = l - -14. List the prime factors of g(i).
2, 3
Let y(t) = t**3 + 12*t**2 - 31*t + 7. Let a be y(-13). Let v = a - -116. What are the prime factors of v?
3, 7, 17
Let c(u) = -2*u**2 - 4*u + 35. Let s be c(-5). Suppose s*t = -5*b + 1590, 2*b = -5*t - 2*b + 1593. List the prime factors of t.
3, 107
Let d = 220 + -138. Suppose -95 = 77*k - d*k. What are the prime factors of k?
19
Let q = 65107 + -14641. What are the prime factors of q?
2, 3, 13, 647
Let a(f) = 9*f - 153. Let n be a(-24). What are the prime factors of (60/18)/((-3)/(n/2))?
5, 41
Let m(g) = -241 + 118 + 92 - 12*g. What are the prime factors of m(-8)?
5, 13
Let c = 489 - 478. Let z = 20 + -12. Suppose -c*t + 438 = -z*t. List the prime factors of t.
2, 73
Suppose -31*i = -28*i + 18, 0 = -5*t - 4*i + 83876. What are the prime factors of t?
2, 5, 839
Let j = 80 + -76. Suppose j*t + 4 = 2*r - 634, 0 = -2*r - 4*t + 598. What are the prime factors of r?
3, 103
Suppose 494690 = -39*w + 2*w. What are the prime factors of 3*1 - (w/7)/10?
2, 97
Suppose -2*d = -3*k - 4 + 2, -5*k = 3*d + 16. List the prime factors of 2250/525*(142/1 + d).
2, 3, 5
Let o = 122610 - 83870. What are the prime factors of o?
2, 5, 13, 149
Let l(b) = -b**3 + 9*b**2 - 6*b - 13. Let r be l(8). Suppose 15 = -r*i + 6*i. Suppose 0*v + 8 = 4*v, 3*k - i*v = 149. List the prime factors of k.
53
Let l = 940 + -547. Suppose -6*t = 1407 + l. Let j = 506 + t. List the prime factors of j.
2, 103
Suppose 0 = -3*c - p + 260779, -4*c + 95014 = -3*p - 252687. What are the prime factors of c?
2, 7, 887
Let v = 6907 - 678. List the prime factors of v.
6229
Suppose -5*q = -2*o + 6850, 78*o - 6830 = 76*o - 5*q. What are the prime factors of o?
2, 3, 5, 19
Let b = 311 - 305. List the prime factors of 646 - (-28)/21*(-9)/b.
2, 7, 23
Suppose 29*g + 187 = 34*g + r, 4*g - r = 146. Suppose 2487 + 6948 = g*u. What are the prime factors of u?
3, 5, 17
Let c = -103 + 244. Let y = 147 + c. List the prime factors of y.
2, 3
Let w = 7959 + -4100. What are the prime factors of w?
17, 227
Let w